of m and 28.
4
Suppose -124 = 5*p - 299. Calculate the highest common factor of p and 5.
5
Suppose 0 = -17*y + 10*y + 21. Suppose -z + 3 = -24. What is the highest common factor of z and y?
3
Suppose 240 = -5*y + 5*a, 3*y = -a + 3 - 143. Let n = 99 + y. What is the highest common divisor of n and 13?
13
Let n = -172 + 173. Suppose -r + 2*v = 4*r - 15, -4*r + 4*v = -24. What is the highest common factor of n and r?
1
Suppose 4*z + 2 - 42 = 0. Suppose 4*g + u + 28 = 4, 0 = 2*u. Let x be z/g*-14*3. Calculate the highest common factor of x and 10.
10
Suppose 226 = 2*u + 40. Let s = u + -39. What is the greatest common divisor of s and 18?
18
Suppose 0 = -4*m + m + 15. Suppose 0 = 3*s + m*d - 37, 0*s + 2*s - 28 = -5*d. What is the highest common factor of s and 27?
9
Let u be (-18)/72 + 194/8. What is the highest common factor of 120 and u?
24
Let c(o) = o**3 + 6*o**2 + 3. Let b be c(-6). Suppose 5*w - b*w - 48 = 0. What is the greatest common factor of w and 16?
8
Suppose 2*r - 19 = -0*s + s, 12 = 4*s. Calculate the greatest common factor of 11 and r.
11
Let u(x) = -x**3 + 9*x**2 + 6*x + 1. Let v be u(9). Calculate the highest common factor of v and 5.
5
Let q be 0 - (1 - 7)*10. Let p(d) = -d**2 - d + 2. Let v be p(0). Suppose -11 = v*h - 35. What is the greatest common divisor of h and q?
12
Let a(u) = 20*u**2 + 5*u. Let c be a(-2). Suppose -5*i = -3*t + 46, 4*i = 4*t - c + 22. Let k = 14 - 7. What is the highest common factor of k and t?
7
Suppose 0*r - r = -2. Let v = 4 - r. Suppose 0*j = -v*j + 24. What is the highest common divisor of 132 and j?
12
Suppose -3*a + 4*a - 30 = 0. Calculate the greatest common factor of 10 and a.
10
Let v be 1*(-1 + 1 + 1). Let i be -9 - (-3 + v - -1). Let p = 11 + i. What is the greatest common divisor of 9 and p?
3
Suppose 3*n = 2*v + 7*n - 12, -3*n = 2*v - 15. Calculate the highest common factor of 60 and v.
12
Suppose 2*j - 3*j = -28. What is the highest common factor of j and 70?
14
Suppose 2*z + 268 = 3*j, 5*z - 183 = -2*j + 2*z. Suppose v + 0*d - 2*d = 5, -45 = -2*v - 3*d. Calculate the highest common factor of v and j.
15
Let h be (-1)/2*(-11 + 5). Suppose 5*j = 20, -12 = -h*n - 3*j + 39. Calculate the greatest common divisor of 13 and n.
13
Suppose 0 = -0*y - 4*y + 3*o + 147, 0 = -y - o + 42. Calculate the greatest common divisor of 273 and y.
39
Suppose 0 = -18*y + 14*y + 200. Calculate the highest common divisor of 5 and y.
5
Let f(v) = 2*v. Let b(k) = k - 6. Let c be b(7). Let x be f(c). Let o be 10/(-40) + 42/8. Calculate the greatest common factor of o and x.
1
Suppose -n - 45 = 4*b, -3*b - 15 = -2*b + 4*n. Let j(s) = -s**2 - 13*s - 4. Let u be j(b). What is the greatest common factor of 18 and u?
18
Let g be -1 - 3 - ((-138)/2 - 7). Calculate the greatest common divisor of 180 and g.
36
Let q(p) = p**2 - 8*p + 7. Let f be q(10). What is the highest common divisor of 9 and f?
9
Let g = -12 + 27. What is the greatest common divisor of g and 5?
5
Suppose -176 - 199 = -5*d. Let s be 5/(d/9)*85. Calculate the highest common divisor of 17 and s.
17
Let d = -13 + 34. Let f be 90/(-12)*(-224)/10. Calculate the highest common divisor of f and d.
21
Suppose -3 = -h - 2*h, 3*h = 5*t - 47. Suppose 2*o + 2*s - 34 = 5*s, 0 = 5*o + 5*s - 110. Calculate the greatest common divisor of o and t.
10
Suppose -6*x + 5*x = -18. Suppose -6*n = b - 5*n - 139, -b = -5*n - 169. Calculate the highest common factor of b and x.
18
Suppose 48 = 6*z - 2*z. Calculate the greatest common divisor of 18 and z.
6
Let g = -16 + 34. Suppose -i - 18 = -2*i. What is the highest common divisor of g and i?
18
Let f be 2*((-3)/6 - -2). Let g be (7 - -5)*1/f. Suppose i = -5*w - 0*i + 44, 2*w + g*i = 32. What is the greatest common factor of 1 and w?
1
Let o(i) = -i**3 + 6*i**2 + 8*i. Let g be o(7). Suppose 3*s - 37 = -g. What is the greatest common factor of s and 20?
10
Let p = -11 - -18. What is the highest common factor of p and 7?
7
Let m be ((-12)/(-16))/(2/96). Suppose -2*o = 2*d - 8, -o = o + 5*d - 20. Let n be 0 - (-90 - o)*1. Calculate the highest common divisor of m and n.
18
Let s be 4/(-14) + 4/14. Let r = -41 + 45. Suppose -4*l + 3*w + 256 = s, -r*l = 4*w + w - 256. What is the greatest common factor of 16 and l?
16
Suppose 0 = 5*g - 5*y, 3*y = -3*g + 2*g + 4. What is the greatest common factor of 9 and g?
1
Let k be 687/(-21) + 4/(-14). Let s = k - 15. Let d be (3/(-4))/(2/s). Calculate the highest common factor of d and 198.
18
Let m be (5/20)/(2/(-10))*-84. Let g = -3 + 4. Let y be (g - 3)*45/(-6). What is the greatest common factor of y and m?
15
Suppose 2*y + 2*y - 164 = -5*g, -5*g - 16 = -y. Calculate the greatest common divisor of 18 and y.
18
Let u = -29 - -117. Suppose 2*r + 3*r = 40. Calculate the highest common factor of r and u.
8
Let x = -16 + 26. Calculate the highest common factor of x and 80.
10
Let z = -36 + 43. Calculate the greatest common divisor of 56 and z.
7
Suppose n - 288 = -2*n. Calculate the greatest common divisor of n and 12.
12
Suppose 0 = z + 2*z + 5*y - 41, 0 = z - 3*y - 9. What is the highest common factor of 30 and z?
6
Let r be 10/(-6)*15/(-5). What is the greatest common divisor of 55 and r?
5
Suppose -3*s - 51 = -4*s. Suppose u - 24 = 10. Calculate the greatest common factor of s and u.
17
Suppose -2*x + 163 = 2*l + 1, 3*x = -4*l + 247. Let f = 0 + 0. Let c(s) = -s + 11. Let k be c(f). What is the greatest common factor of x and k?
11
Let m(o) = -6 + 2*o - 6*o + 0. Let v be m(-4). Calculate the greatest common divisor of 70 and v.
10
Let r(p) = p + 2. Let j be r(2). Let b be j/(-14) + (-316)/(-28). Let n be (1*4/(-6))/(8/(-132)). Calculate the greatest common factor of n and b.
11
Let h = -1 - 2. Let u(j) = -j**2 + 4*j**2 + 5*j + 1 - 2*j. Let v be u(h). Calculate the greatest common factor of 76 and v.
19
Suppose -5*v + 2*y - y - 14 = 0, 3*v + 5*y + 14 = 0. Let m = v + 5. Suppose 3*k + 89 = m*u - 9, u - 75 = -5*k. What is the highest common divisor of 5 and u?
5
Suppose -2*r - 7 = -15. Suppose -3*s + 49 = r*f, -f - 4*f + 5*s = -105. Calculate the highest common divisor of 40 and f.
8
Let m be (-4)/(-34) - 17808/(-357). Calculate the highest common divisor of m and 50.
50
Let x be (-13 - -12) + (2 - -4). Calculate the greatest common divisor of 15 and x.
5
Let o be 20/3*(-6)/(-5). Let c = o - 7. Calculate the highest common divisor of 7 and c.
1
Let h be 5 + (-1 - 1) - -2. Suppose 0 = h*b - 2*b - 27. What is the highest common factor of 18 and b?
9
Let f(y) = y**3 + y - 1. Let q be f(1). Let r(m) = -8*m**3 + 3 + m**2 + 30*m**3 - 1 - 3. Let w be r(q). Calculate the highest common factor of w and 11.
11
Let b be (-22)/(-2)*-1*12/(-4). Calculate the greatest common factor of 3 and b.
3
Suppose -257 = -17*q + 559. What is the greatest common factor of q and 6?
6
Let f = -75 - -91. Calculate the highest common factor of f and 64.
16
Let a(s) = s**3 + 5*s**2 - 7*s + 4. Let g be a(-6). Suppose 0 = 5*r + 25, 0*w = -w + 3*r + 17. Calculate the greatest common divisor of w and g.
2
Let k(y) = y**2 + 3*y - 13. Let a be k(-11). Calculate the greatest common factor of 25 and a.
25
Let c(f) = -f + 9. Let x be c(7). Suppose -z = t - 18, 3*t = -3*z + 8*z + 54. What is the greatest common divisor of x and t?
2
Suppose 4*v - 16 = -4*w, 5*v = -7*w + 3*w + 18. Calculate the greatest common factor of w and 18.
2
Let f be ((-5)/((-15)/(-168)))/(-1). Let m(c) = c + 9. Let y be m(8). Let j = y + -10. Calculate the greatest common factor of j and f.
7
Suppose -4*a + 4*f + 11 = f, -3*a - 2*f - 13 = 0. Let b = 1 + a. Let y be 0 + b + -1 - -28. Calculate the greatest common factor of y and 9.
9
Let b(o) = 2*o**2 - 22*o - 15. Let t be b(12). Let x be -1*1*(-18)/2. Calculate the highest common factor of x and t.
9
Let a(g) = -g**2 + 5*g + 5. Let k be a(5). Suppose 15 = k*x + 2*z - 7*z, 3*x = -z + 13. What is the greatest common factor of 2 and x?
2
Let i be (-3)/(6/4) - -3. Let o = 1 + i. Suppose -r + 24 = o*r. Calculate the greatest common factor of 16 and r.
8
Let s = -2 - -12. What is the highest common divisor of 10 and s?
10
Let b be -10*12/(-8) + 2. Calculate the highest common divisor of 136 and b.
17
Let j be (-60)/(-210) - 346/(-28)*2. What is the greatest common factor of 100 and j?
25
Suppose -j + 1044 = 5*z